 6784?
106
Let b(h) = 2*h**2 + 14*h + 70. Let r be b(-10). Suppose -f + 2573 = 2568. Calculate the greatest common divisor of r and f.
5
Let z be 408/(-20)*50/(-3). Let u = 374 - z. Calculate the highest common divisor of u and 425.
17
Suppose 8*h - 6*h = t - 5, 3*t - 2*h = 35. Let z = 16 - t. Suppose r + 1 = 4. What is the greatest common factor of z and r?
1
Let g = 133 - 133. Suppose g*b + 170 = b. Calculate the greatest common divisor of 10 and b.
10
Let c = -5666 - -5716. Let b(r) = 2*r**2 + 6*r + 4. Let p be b(5). Suppose h - p = 166. Calculate the highest common factor of h and c.
50
Let s = -347 - -587. Let z be (-1 + 0)/(20/s). Let y be (-2)/z + -8 + 947/6. What is the highest common factor of 6 and y?
6
Suppose 0 = -41*d + 2653 + 873. Calculate the greatest common factor of 27262 and d.
86
Let r(k) = 16*k**3 - 21*k**2 + 16*k + 145. Let a be r(5). What is the highest common divisor of a and 884?
68
Suppose -75997 = -14*t + 78703. What is the highest common factor of 68 and t?
34
Suppose i = -0*i - 349. Let z be (-12)/(-24) - i/2. Suppose -5*r = l - 6*l - z, 0 = -4*r - 2*l + 122. What is the greatest common divisor of r and 8?
8
Let k = 14372 - 14247. Let j = 32 - -18. What is the highest common divisor of k and j?
25
Let l = -15090 - -21648. Calculate the greatest common factor of 6 and l.
6
Suppose -15340 = 68*u - 57840. Calculate the highest common divisor of 400 and u.
25
Suppose 3*p - 92*a - 9 = -89*a, -p = -2*a. Calculate the highest common divisor of 1923 and p.
3
Let m be 5/((-170)/16779)*-10. What is the highest common factor of 94 and m?
47
Let v be (30/(-75))/(2/(-90)). Let u be (1/2)/((-9)/v) + 8. Calculate the greatest common factor of 112 and u.
7
Let d(w) = w**3 - 7*w**2 + w - 1. Let p be d(7). Suppose -20*z = -213*z + 15633. What is the greatest common factor of z and p?
3
Let w be 0*1*(-7)/21. Suppose 3*f + 12 = w, a + f - 36 = 3*f. What is the highest common factor of 12 and a?
4
Let f(g) = -3*g - 638 - 2*g + g**3 + 646 - 3*g**2. Let j be f(4). Suppose -j*b = -l + 2 - 26, -2*b + l = -10. Calculate the greatest common divisor of b and 77.
7
Let g = 2590 - -1864. What is the highest common divisor of 1048 and g?
262
Let q be (-210)/2 + 0 + -3. Let j = q + 180. Suppose 49*u = 52*u - j. Calculate the greatest common divisor of u and 8.
8
Let w be ((12 - 21) + 11)*(391 - -1 - -2). Calculate the greatest common divisor of 4137 and w.
197
Suppose 1040 = -10*c - 3*c. Let n be -4 + (2 - 1*c). Calculate the greatest common factor of 273 and n.
39
Suppose -25*j - 4*b = -24*j - 194, -5*b = 4*j - 732. Calculate the greatest common divisor of 2 and j.
2
Let t(a) = 3*a - 34. Let h be t(12). Let x be 17 - 0*1/h. What is the highest common factor of 34 and x?
17
Let y(f) = -5673*f - 68. Let b be y(-4). Let v be 1/9 + b/504. Calculate the highest common factor of 207 and v.
9
Suppose 628*l - 328*l + 4480 = 316*l. What is the greatest common factor of 119 and l?
7
Let w(l) be the first derivative of -13*l**2/2 + 8*l + 45. Let f be (-20)/6 - 2/3. Let d be w(f). What is the greatest common factor of d and 40?
20
Let y be (-198)/(-63) + 7/(-49). What is the greatest common factor of y and 34?
1
Suppose 5*b + 3*q = -823 + 16442, 5*q = b - 3107. Calculate the highest common divisor of 28 and b.
14
Let q be (-21432)/(-5016) - (-12)/(-44). Let n(s) = -117*s - 1. Let k be n(-1). What is the greatest common divisor of k and q?
4
Let w(j) = -3*j - 2. Let i be w(-3). Suppose -10*m = -11*m + 48. Let a be 0 + m/2 + (10 - 6). What is the highest common divisor of a and i?
7
Let j = -275 + 433. Suppose -j = 13*f - 11*f. Let p = f + 80. What is the greatest common factor of p and 1?
1
Let n(d) = 306*d**2 - d - 1. Let y be n(-1). Suppose -y*l = -303*l - 156. Calculate the greatest common factor of l and 169.
13
Let i(k) = -k**2 + 12*k - 3. Let d be i(6). Suppose 0 = 3*a - 4*y - 79, -a + 10 = -5*y + 2. What is the highest common divisor of d and a?
33
Suppose -6*z + 2276 = -1192. Let n be z/6 + 12/(-36). Calculate the greatest common divisor of n and 144.
48
Let t = -16648 + 31104. Calculate the greatest common factor of 208 and t.
104
Let b(o) = 147*o**3 + 7*o**2 - 5*o - 1. Let a be b(1). Let d = 541 + a. Calculate the greatest common divisor of 13 and d.
13
Suppose 7*w - 162 = 4*w. Suppose 0 = 97*u - 92*u - 90. What is the greatest common divisor of w and u?
18
Let w(c) = -c**2 + 13*c + 101. Suppose -12 - 5 = -k. Let r be w(k). Calculate the highest common divisor of 132 and r.
33
Suppose -612 = 8*i - 1732. Suppose 3*l - i + 23 = 0. Calculate the highest common factor of 663 and l.
39
Let y = 10 + 6. Suppose i = 5*o + y, i - 4*o - 92 = -2*i. Suppose 4*j + i = w + j, -115 = -5*w + 2*j. Calculate the greatest common divisor of 21 and w.
21
Let z = -365 - -465. What is the greatest common divisor of z and 60?
20
Let x(n) = 432*n. Let s be x(10). Let j be (-1)/(4/(s/(-4325)) + 4). Calculate the greatest common factor of 8 and j.
8
Suppose -7*t + 178 = 4*m, -5*t + 5*m - 5 + 140 = 0. What is the greatest common factor of t and 19?
1
Suppose 13*i - 17836 - 6123 = 0. Calculate the greatest common factor of 194 and i.
97
Let u be 88/14*(-8 + 15). Suppose 568 = 5*r + 128. Calculate the highest common factor of r and u.
44
Let x be ((-12)/16)/(3/216). Let v = 60 + x. Suppose -8*n + 154 = -v*n. Calculate the highest common factor of 11 and n.
11
Let p(o) = 131*o + 653. Let k be p(-4). Calculate the greatest common factor of k and 1376.
43
Let k be 3 - (8 + -4 + -84). Let f be k/7 - 6/(-42). Suppose 4*b = 2*h - 236, -4*h + 2*b + 268 = -210. Calculate the highest common divisor of h and f.
12
Suppose 2*k + 73 + 85 = 4*j, -4*j - 3*k + 163 = 0. What is the highest common divisor of j and 4040?
40
Let l(w) = -w**3 + 12*w**2 + 8*w + 23. Let c be l(10). Suppose 555 = 6*n - c. What is the greatest common factor of n and 22?
11
Let y = -24 - -34. Suppose 0 = 7*s + 2*s - 3627. Let n = -333 + s. Calculate the greatest common factor of y and n.
10
Let h be 133/3 + (19 - (-1044)/(-54)). What is the highest common divisor of h and 2332?
44
Let i(c) = -4*c**3 + c**2 + 16*c - 241. Let y be i(-8). Calculate the highest common factor of 21 and y.
21
Let k be ((-288)/216)/(1/(-96)). Calculate the greatest common divisor of 312 and k.
8
Let c = -13748 + 14182. Calculate the highest common factor of 105 and c.
7
Let u be 222/45 + -21 + 3476/165. Let g be 46/3 - (-2)/(-6). Calculate the highest common divisor of u and g.
5
Suppose 4*t + y = -52 + 273, -3*y = -5*t + 255. Calculate the highest common divisor of 2556 and t.
18
Suppose -80 = 4*m - 120. Suppose -j - 5*c = -2*j - m, 0 = -5*j + 2*c + 65. Let w be (-6 - -3)*-1*25. What is the highest common factor of w and j?
15
Suppose 2*d + 132*w = 130*w + 1322, -4*d = 2*w - 2652. What is the greatest common divisor of 105 and d?
35
Suppose 10*m - 11 = -5*i + 6*m, -2*i - 5*m = -18. Let d(p) = 8*p**2 - 2*p - 1. Let v be d(i). What is the highest common divisor of 72 and v?
9
Let s be ((-28)/(-2))/(-7) - -5. Suppose -123*o + 120*o - r = -29, -s*r = -15. Calculate the greatest common divisor of o and 8.
8
Let w(s) = 2*s + 19. Let b = -32 + 37. Let f be w(b). What is the highest common factor of f and 29?
29
Suppose -3*g + g + 94 = -2*c, g = 4*c + 53. Suppose -36 = g*x - 51*x. Suppose x*m - 32 - 4 = 0. What is the greatest common factor of m and 6?
6
Let p be 6/4 + 207/6. Let g be 3 + -4 + -4 + 29. Calculate the highest common divisor of p and g.
12
Let r = -15826 + 15874. What is the highest common divisor of r and 51?
3
Let z = -59 - -94. Let n(u) = -u**2 - 5*u + 16. Let d be n(-8). Let g be (1/(-2))/(d/112). What is the highest common divisor of z and g?
7
Let z = -232 + 234. Suppose -g = -2*l - 36, 6*g - z*l = g + 156. What is the highest common divisor of 9 and g?
3
Let r be (-5 + (-4 - -1))/(22/(-88)). Let a(v) = 47*v**3 + v**2 + 2*v - 2. Let o be a(1). What is the greatest common divisor of r and o?
16
Let a = 5756 + -4776. What is the highest common divisor of a and 140?
140
Let f be 596 - 176 - ((-12)/(-2) - 1). What is the highest common divisor of 249 and f?
83
Let x = 169 + -166. Let d = 52 - x. What is the highest common factor of 539 and d?
49
Let u be (-4)/6*1173/(-46)*41. Calculate the greatest common factor of 123 and u.
41